5
Suppose -5*i + 4*j = 2*j - 129, 2*i - 56 = 3*j. Suppose -o - i = -6*o. Suppose -o*n + 25 = -15. List the prime factors of n.
2
Let v be 64/(-6)*9/(-6). Suppose 0*j = -s - j - 4, -2*j + v = -2*s. List the prime factors of s/(-4)*40/12.
5
Suppose -5*s + 207 = -513. What are the prime factors of s?
2, 3
Let q(p) = -2*p + 17. Let m(j) = j - 9. Let i(r) = -9*m(r) - 4*q(r). Let n be i(9). Suppose u = -n*b + 80, 7*b - 87 = 2*b + 2*u. List the prime factors of b.
19
Let p be -7 + 3*(-4)/(-12). Let s(u) = -u**2 - 5*u - 4*u + u. What are the prime factors of s(p)?
2, 3
Let s be ((-16)/10)/(8/(-20)). Suppose -s*z - 39 = -7*z. What are the prime factors of z?
13
Let v = 2 + -1. Suppose -2*q + 0*q + 8 = 0. What are the prime factors of 4/v + (2 - q)?
2
Suppose -2*w = 0, 2*v + 8*w - 78 = 3*w. Let j = 64 - v. List the prime factors of j.
5
Let w(a) = -2*a**2 + 5*a. Let x be w(2). Let s(g) = -3*g + 5*g + 5*g**2 - 2 + 0*g. What are the prime factors of s(x)?
2, 11
Let w = 9 - -29. List the prime factors of w.
2, 19
Let p(f) = -f**2 + 4*f + 7. Let g be p(5). Suppose 2*k + g*k = 96. Suppose k = h + h. What are the prime factors of h?
2, 3
Suppose -i + 0*i + 3 = 0. Suppose i*k - 54 - 12 = -3*j, j = 5*k + 16. What are the prime factors of j?
3, 7
Let f = -9 - -16. Let z(o) be the first derivative of o**4/4 - 8*o**3/3 + 4*o**2 - 4*o - 3. What are the prime factors of z(f)?
3
List the prime factors of -17*(-4)/(0 + 4).
17
Let w(p) = -5*p - 7. Let j(f) = 10*f + 15. Let h(v) = -2*j(v) - 5*w(v). Let t be h(6). Suppose 6*y = y + t. List the prime factors of y.
7
Let u = -8 - -35. Suppose o + 4*o = -l + 39, -l = o - u. What are the prime factors of l?
2, 3
Suppose 0 = 5*k - 32 - 28. Let m = k + -9. What are the prime factors of m?
3
Suppose 3*c = z - 15, 4*z + z - 2*c - 23 = 0. Suppose 192 = -z*a + 7*a. Let j = a + -27. List the prime factors of j.
3, 7
Suppose 4*c + 4*q - 636 = 0, 5*c = 4*q + 375 + 429. Suppose -5*o + c = 40. List the prime factors of o.
2, 3
Suppose 30 = 3*x - 0*x. Let n = x - 6. List the prime factors of n.
2
Let m = 11 - 7. List the prime factors of m.
2
Let s be (-25)/(-20)*-1*4. Let u = s + 8. What are the prime factors of u?
3
What are the prime factors of (8/20)/((-1)/(-30))?
2, 3
Let c(a) = -a + 4. Let g be c(0). Let s = 6 - g. List the prime factors of (s/6)/((-2)/(-102)).
17
Let a be ((-6)/(-9))/((-4)/(-696)). Suppose 3*h = h + a. List the prime factors of h.
2, 29
Let m(g) be the first derivative of g**3/3 + g**2/2 - 2*g - 2. Let f be m(6). List the prime factors of ((-18)/(-15))/(6/f).
2
Suppose 4*y + 34 - 8 = 2*q, -4*y = 4*q - 40. What are the prime factors of q?
11
Let k(w) = -2*w**2 + w + 5. Let z be k(4). Let g = -8 - z. Suppose 0 = 3*d + 5*j - 22 - 7, 3*j = -g. What are the prime factors of d?
2, 3
Suppose 65*j - 651 = 62*j. List the prime factors of j.
7, 31
Suppose -3*s + 117 = 3*i, -5*s + 3*s = -3*i + 137. Let a = i + 12. List the prime factors of a.
5, 11
Suppose 3*d - 13 = -1. Let c(j) = j - 2. Let o be c(d). What are the prime factors of (-88)/(-12) - o/6?
7
Let g(l) = 2*l**2 + 4. Let o be g(-4). Suppose -5*a - 15 = -5*u, -5*u + 25 + 4 = 2*a. Suppose f + o = u*f. What are the prime factors of f?
3
Let x be 1 + (-1 - -2) - 0. Suppose 0 = -4*t - x*p + 86, 3*t - 36 = -3*p + 33. List the prime factors of t.
2, 5
Let c(i) = 5*i**3 - i**2 + 2*i - 8. What are the prime factors of c(2)?
2
Let f = 78 - -23. What are the prime factors of f?
101
Let s = 285 - 190. List the prime factors of s.
5, 19
Let i(x) = -6*x**2 + 4 - 2*x - 10 + x**3 + 9*x. Suppose 0 = -5*n + 3*n + 2*q + 6, 0 = -2*q + 4. What are the prime factors of i(n)?
2
Suppose 4 = 2*y - 2. Suppose -y*t + 0*t = -78. What are the prime factors of t?
2, 13
Suppose 5*z + i - 86 = 0, 0 - 3 = -3*i. List the prime factors of z.
17
Let u(x) = 7*x**2 - x - 1. List the prime factors of u(2).
5
Let h(n) = -2*n - 1. Suppose -2*f - 3*l + 4 = -5*l, 0 = 4*l + 20. Let x be h(f). Suppose x + 16 = 3*p. What are the prime factors of p?
7
Let x be 32/4*2/4. Suppose 0 = 2*n + 6, 0 = -5*k + n - x*n - 99. Let w = -9 - k. What are the prime factors of w?
3
Suppose 5*x + 37 - 727 = 0. What are the prime factors of x?
2, 3, 23
Suppose 81 = 5*u - 119. What are the prime factors of u?
2, 5
Suppose -3*z = -134 - 13. What are the prime factors of z?
7
Let t(w) = 3*w**2 - 1. Let r = 0 - 4. Let u = -3 - r. What are the prime factors of t(u)?
2
Suppose 5*y - 106 = -356. Let k be (y/4)/(-5)*-2. Let a = 7 + k. What are the prime factors of a?
2
Suppose -4*g = -7*g + 9. Suppose g*j - 19 = -4*c, -3 = 2*j + c - 19. Let i = 23 - j. List the prime factors of i.
2, 7
Suppose 4*s - 32 = -3*y, s - 17 = -3*y - 0*s. Suppose -2 + 7 = l - p, -2*l = -y*p - 8. Suppose 28 = -2*f + l*f - o, 0 = -o. List the prime factors of f.
7
What are the prime factors of (-363)/6*(0 - 2)?
11
Let u = 45 - 21. What are the prime factors of u?
2, 3
Suppose -4*x = -3*n + 279, 5*x + 0*x + 372 = 4*n. Let j = n - 54. What are the prime factors of j?
3, 13
Suppose 3*b - 61 - 353 = 0. List the prime factors of b.
2, 3, 23
Let c(z) = 2*z**2 - 3*z - 13. What are the prime factors of c(6)?
41
Suppose -b - p + 29 = 0, -2*p - p - 105 = -3*b. List the prime factors of b.
2
Suppose 4*o - 2*o = 78. List the prime factors of (-6 - (-2)/1) + o.
5, 7
Suppose -15 = -10*n + 13*n. Suppose -3*i - 5 = 19. Let j = n - i. What are the prime factors of j?
3
Suppose 0 = -3*u + 3*a - 12, -11 = -0*u + 5*u - 2*a. Let d(k) be the second derivative of k**4/4 - k**3/6 - k**2/2 + k. What are the prime factors of d(u)?
3
Let o(s) = -s**3 - 8*s**2 + s - 12. Let a be o(-9). Let v = 93 - a. List the prime factors of v.
3, 11
Let v = 9 - -15. Let x = 5 + v. Suppose 5*z - x = 36. What are the prime factors of z?
13
Let w(a) = a**2 + 15. Let c be w(0). Suppose 2*f = -3*f. Suppose f = -5*k - c + 65. What are the prime factors of k?
2, 5
What are the prime factors of 4 - 2/6*-3?
5
Suppose -i - 20 = -0*i. Let q = 31 + i. List the prime factors of q.
11
Let j(b) = -b**2 + 17*b - 10. List the prime factors of j(16).
2, 3
Let m(l) = -l**2 + 12*l + 2. Let d be m(11). Suppose d = 2*o - 5. List the prime factors of o.
3
Suppose 0 = 3*n - t - 200, 2*t = 2*n - 62 - 78. What are the prime factors of n?
5, 13
Let l = 11 - 6. Suppose -n + l*n - 32 = 0. List the prime factors of n.
2
Suppose 3*v - 6*v = -93. List the prime factors of v.
31
Let l(g) = -g**2 - 11*g - 1. Suppose 2*x = x - 10. What are the prime factors of l(x)?
3
Let y be (-9 - -3)*4/4. List the prime factors of -4*(87/y + 3).
2, 23
Suppose -4 = -3*l + 4*p + 8, 12 = 3*l - p. Let s = 37 + -18. Suppose -y - y = 5*h - s, -l*h = 2*y - 18. List the prime factors of y.
7
Let r(m) = -3*m - 1. Let a(j) = -7*j - 3. Let d = -6 - -8. Let k(t) = d*a(t) - 5*r(t). What are the prime factors of k(4)?
3
Let h = -41 - -67. Suppose -q - 5*l - h = 0, -2*q - 2*l - 27 = 3*l. What are the prime factors of (-152)/(-8) - (q - -3)?
17
Let s = 27 - 70. Let w = s + 64. What are the prime factors of w?
3, 7
What are the prime factors of 2*-1 + (59 - -4)?
61
Suppose 56 - 16 = 5*k. What are the prime factors of 122/(-1)*(-4)/k?
61
Let m = 6 + -3. Let c(f) = f - 1. List the prime factors of c(m).
2
Suppose -8*d + 271 = -281. List the prime factors of d.
3, 23
Suppose q - 8 = -4*o, 2*q + 3*q = -3*o + 6. Let y be ((1 - 8) + q)*1. Let b = -3 - y. What are the prime factors of b?
2
Let r = -28 + 48. Let h(f) = -f + 1. Let m be h(-6). Let l = r - m. List the prime factors of l.
13
Suppose 0*s - 3*d = 5*s, 5*d = -25. Suppose 3*q + 25 = -o - s*o, -3*q - 21 = 3*o. Let h(b) = b**2 - b - 1. List the prime factors of h(q).
11
List the prime factors of 2390/14 - -1*12/42.
3, 19
Suppose 0 = -3*l + 2*o + 106, 103 = -0*l + 4*l + 5*o. What are the prime factors of l?
2
Let l be 1 + 0 + -2 + 55. Let u = -22 - -10. What are the prime factors of (-56)/(-9) + u/l?
2, 3
Let n(v) = -v**2 + 11*v + 7. Let x(c) = 4*c**2 - 34*c - 21. Let s(a) = -7*n(a) - 2*x(a). Let d be s(-8). What are the prime factors of 4 - (d - 2) - -2?
7
What are the prime factors of ((180/(-2))/2)/(-1)?
3, 5
Suppose 3*m + 10 = 5*m, -50 = -a - 5*m. List the prime factors of a.
5
Let f = -39 - -116. What are the prime factors of 2/7 + 2981/f?
3, 13
Let w be 10 - (-1 + (-1 - 1)). What are the prime factors of (-7 -